{"id":10985,"date":"2017-08-01T00:36:14","date_gmt":"2017-07-31T22:36:14","guid":{"rendered":"http:\/\/www.gilavandelden.de\/buchshop\/?post_type=product&#038;p=10985"},"modified":"2023-07-03T18:20:16","modified_gmt":"2023-07-03T16:20:16","slug":"delfin","status":"publish","type":"product","link":"https:\/\/www.gilavandelden.de\/buchshop\/produkt\/delfin\/","title":{"rendered":"Delfin (Gila van Delden)"},"content":{"rendered":"<p>Unser Freund, der Delfin, begleitet uns spielerisch durch die ruhige See und taucht mit uns als liebevoller Beglei-ter in die tiefen Schichten unseres Unbewussten ein. In dieser eindrucksvollen Meditationsreise wird uns ein Teil unseres Wesens gezeigt, dessen wir uns bewusster werden k\u00f6nnen. Wir nehmen Kontakt auf zu unserem H\u00f6heren Selbst und erkennen \u00fcber unsere Intuition Wege, die uns zu unserem Lebensziel f\u00fchren. Voller Liebe geleitet uns unser Freund, der Delfin, wieder zur\u00fcck zu dem Strand, wo unsere Reise ins innere Ich begann. Wenn wir das Element Wasser lieben, so wird uns diese wundersch\u00f6ne gef\u00fchrte Meditation ganz besonders gefallen.<\/p>\n<p>COUNTRY-VERLAG<\/p>\n<p>ISBN 978-3-9816486-4-5<\/p>\n<p><strong>H\u00f6rprobe:<\/strong><\/p>\n<div id=\"video01\"><div class=\"embed-container\" style=\"\"><iframe src=\"https:\/\/www.youtube-nocookie.com\/embed\/NRKIDgKVzUk?rel=0&amp;showinfo=0\" frameborder=\"0\" allowfullscreen><\/iframe><\/div><\/div>\n","protected":false},"excerpt":{"rendered":"<p>Unser Freund, der Delfin, begleitet uns spielerisch durch die ruhige See und taucht mit uns als liebevoller Beglei-ter in die tiefen Schichten unseres Unbewussten ein. In dieser eindrucksvollen Meditationsreise wird uns ein Teil unseres Wesens gezeigt, dessen wir uns bewusster werden k\u00f6nnen. Wir nehmen Kontakt auf zu unserem H\u00f6heren Selbst und erkennen \u00fcber unsere Intuition [&hellip;]<\/p>\n","protected":false},"featured_media":350,"template":"","meta":[],"product_cat":[63,24],"product_tag":[],"_links":{"self":[{"href":"https:\/\/www.gilavandelden.de\/buchshop\/wp-json\/wp\/v2\/product\/10985"}],"collection":[{"href":"https:\/\/www.gilavandelden.de\/buchshop\/wp-json\/wp\/v2\/product"}],"about":[{"href":"https:\/\/www.gilavandelden.de\/buchshop\/wp-json\/wp\/v2\/types\/product"}],"wp:featuredmedia":[{"embeddable":true,"href":"https:\/\/www.gilavandelden.de\/buchshop\/wp-json\/wp\/v2\/media\/350"}],"wp:attachment":[{"href":"https:\/\/www.gilavandelden.de\/buchshop\/wp-json\/wp\/v2\/media?parent=10985"}],"wp:term":[{"taxonomy":"product_cat","embeddable":true,"href":"https:\/\/www.gilavandelden.de\/buchshop\/wp-json\/wp\/v2\/product_cat?post=10985"},{"taxonomy":"product_tag","embeddable":true,"href":"https:\/\/www.gilavandelden.de\/buchshop\/wp-json\/wp\/v2\/product_tag?post=10985"}],"curies":[{"name":"wp","href":"https:\/\/api.w.org\/{rel}","templated":true}]}}