{"id":10986,"date":"2017-08-01T00:37:30","date_gmt":"2017-07-31T22:37:30","guid":{"rendered":"http:\/\/www.gilavandelden.de\/buchshop\/?post_type=product&#038;p=10986"},"modified":"2023-07-03T18:19:49","modified_gmt":"2023-07-03T16:19:49","slug":"chakrenreinigung","status":"publish","type":"product","link":"https:\/\/www.gilavandelden.de\/buchshop\/produkt\/chakrenreinigung\/","title":{"rendered":"Chakrenreinigung (Gila van Delden)"},"content":{"rendered":"<p>Diese wundersch\u00f6ne gef\u00fchrte Farbreise durch die sieben Chakren gibt Ihnen die M\u00f6glichkeit, die Energiewirbel, die wie zart ge\u00f6ffnete Bl\u00fctenbl\u00e4tter auf der subtilen Ebene Ihres Geistes schwingen, auf sanfte Art zu reinigen und mit Energie anzuf\u00fcllen. In Ihrer Imagination k\u00f6nnen Sie hier ganz deutlich sp\u00fcren, wie sich der Energiefluss in allen Bereichen wieder aktiviert. Je strahlender und klarer die Chakren in Ihrer Vorstellung erscheinen, umso mehr Kraft str\u00f6mt aus dem kosmischen Energiefeld ein \u2013 und umso mehr Gesundheit und Wohlbefinden wird Ihr Leben widerspiegeln.<\/p>\n<p>COUNTRY-VERLAG<\/p>\n<p>ISBN 978-3-9816486-2-1<\/p>\n<p><strong>H\u00f6rprobe:<\/strong><\/p>\n<div id=\"video01\"><div class=\"embed-container\" style=\"\"><iframe src=\"https:\/\/www.youtube-nocookie.com\/embed\/I_9Nf4SNRmY?rel=0&amp;showinfo=0\" frameborder=\"0\" allowfullscreen><\/iframe><\/div><\/div>\n","protected":false},"excerpt":{"rendered":"<p>Diese wundersch\u00f6ne gef\u00fchrte Farbreise durch die sieben Chakren gibt Ihnen die M\u00f6glichkeit, die Energiewirbel, die wie zart ge\u00f6ffnete Bl\u00fctenbl\u00e4tter auf der subtilen Ebene Ihres Geistes schwingen, auf sanfte Art zu reinigen und mit Energie anzuf\u00fcllen. In Ihrer Imagination k\u00f6nnen Sie hier ganz deutlich sp\u00fcren, wie sich der Energiefluss in allen Bereichen wieder aktiviert. Je strahlender [&hellip;]<\/p>\n","protected":false},"featured_media":349,"template":"","meta":[],"product_cat":[63,24],"product_tag":[],"_links":{"self":[{"href":"https:\/\/www.gilavandelden.de\/buchshop\/wp-json\/wp\/v2\/product\/10986"}],"collection":[{"href":"https:\/\/www.gilavandelden.de\/buchshop\/wp-json\/wp\/v2\/product"}],"about":[{"href":"https:\/\/www.gilavandelden.de\/buchshop\/wp-json\/wp\/v2\/types\/product"}],"wp:featuredmedia":[{"embeddable":true,"href":"https:\/\/www.gilavandelden.de\/buchshop\/wp-json\/wp\/v2\/media\/349"}],"wp:attachment":[{"href":"https:\/\/www.gilavandelden.de\/buchshop\/wp-json\/wp\/v2\/media?parent=10986"}],"wp:term":[{"taxonomy":"product_cat","embeddable":true,"href":"https:\/\/www.gilavandelden.de\/buchshop\/wp-json\/wp\/v2\/product_cat?post=10986"},{"taxonomy":"product_tag","embeddable":true,"href":"https:\/\/www.gilavandelden.de\/buchshop\/wp-json\/wp\/v2\/product_tag?post=10986"}],"curies":[{"name":"wp","href":"https:\/\/api.w.org\/{rel}","templated":true}]}}

<p>Diese wunderschöne geführte Farbreise durch die sieben Chakren gibt Ihnen die Möglichkeit, die Energiewirbel, die wie zart geöffnete Blütenblätter auf der subtilen Ebene Ihres Geistes schwingen, auf sanfte Art zu reinigen und mit Energie anzufüllen. In Ihrer Imagination können Sie hier ganz deutlich spüren, wie sich der Energiefluss in allen Bereichen wieder aktiviert. Je strahlender und klarer die Chakren in Ihrer Vorstellung erscheinen, umso mehr Kraft strömt aus dem kosmischen Energiefeld ein – und umso mehr Gesundheit und Wohlbefinden wird Ihr Leben widerspiegeln.</p>
<p>COUNTRY-VERLAG</p>
<p>ISBN 978-3-9816486-2-1</p>
<p><strong>Hörprobe:</strong></p>
<div id="video01"><div class="embed-container" style=""><iframe src="https://www.youtube-nocookie.com/embed/I_9Nf4SNRmY?rel=0&amp;showinfo=0" frameborder="0" allowfullscreen></iframe></div></div>

<p>Diese wunderschöne geführte Farbreise durch die sieben Chakren gibt Ihnen die Möglichkeit, die Energiewirbel, die wie zart geöffnete Blütenblätter auf der subtilen Ebene Ihres Geistes schwingen, auf sanfte Art zu reinigen und mit Energie anzufüllen. In Ihrer Imagination können Sie hier ganz deutlich spüren, wie sich der Energiefluss in allen Bereichen wieder aktiviert. Je strahlender [&hellip;]</p>
