{"id":10987,"date":"2017-08-01T00:39:12","date_gmt":"2017-07-31T22:39:12","guid":{"rendered":"http:\/\/www.gilavandelden.de\/buchshop\/?post_type=product&#038;p=10987"},"modified":"2023-07-03T18:19:23","modified_gmt":"2023-07-03T16:19:23","slug":"schmetterling","status":"publish","type":"product","link":"https:\/\/www.gilavandelden.de\/buchshop\/produkt\/schmetterling\/","title":{"rendered":"Schmetterling (Gila van Delden)"},"content":{"rendered":"<p>In dieser zauberhaften, gef\u00fchrten Phantasiereise fliegen Sie in Ihrer Imagination als Schmetterling in das Land Ihrer Phantasie. Auf ganz leichte und entspannende Art sp\u00fcren Sie die Verwandlung, wie Sie aus Ihrem begrenzten Kokon schl\u00fcpfen und in eine wunderbare Welt der Farben, des Lichtes und der Harmonie eintauchen. Diese wundersch\u00f6ne Meditation f\u00fchrt Sie in die Natur, in den verborgenen Bereich Ihrer Tr\u00e4ume und Ihres Unbewussten, wo noch viele unentdeckte Sch\u00e4tze liegen. Diese Meditation ist nicht nur f\u00fcr Erwachsene, sondern auch sehr gut f\u00fcr Kinder geeignet, um ihnen auf ganz sanfte Weise die Metamorphose der Natur nahe zu bringen.<\/p>\n<p>COUNTRY-VERLAG<\/p>\n<p>ISBN 978-3-9816486-1-4<\/p>\n<p><strong>H\u00f6rprobe:<\/strong><\/p>\n<div id=\"video01\"><div class=\"embed-container\" style=\"\"><iframe src=\"https:\/\/www.youtube-nocookie.com\/embed\/VRCpHCCkDUc?rel=0&amp;showinfo=0\" frameborder=\"0\" allowfullscreen><\/iframe><\/div><\/div>\n","protected":false},"excerpt":{"rendered":"<p>In dieser zauberhaften, gef\u00fchrten Phantasiereise fliegen Sie in Ihrer Imagination als Schmetterling in das Land Ihrer Phantasie. Auf ganz leichte und entspannende Art sp\u00fcren Sie die Verwandlung, wie Sie aus Ihrem begrenzten Kokon schl\u00fcpfen und in eine wunderbare Welt der Farben, des Lichtes und der Harmonie eintauchen. Diese wundersch\u00f6ne Meditation f\u00fchrt Sie in die Natur, [&hellip;]<\/p>\n","protected":false},"featured_media":354,"template":"","meta":[],"product_cat":[63,24],"product_tag":[],"_links":{"self":[{"href":"https:\/\/www.gilavandelden.de\/buchshop\/wp-json\/wp\/v2\/product\/10987"}],"collection":[{"href":"https:\/\/www.gilavandelden.de\/buchshop\/wp-json\/wp\/v2\/product"}],"about":[{"href":"https:\/\/www.gilavandelden.de\/buchshop\/wp-json\/wp\/v2\/types\/product"}],"wp:featuredmedia":[{"embeddable":true,"href":"https:\/\/www.gilavandelden.de\/buchshop\/wp-json\/wp\/v2\/media\/354"}],"wp:attachment":[{"href":"https:\/\/www.gilavandelden.de\/buchshop\/wp-json\/wp\/v2\/media?parent=10987"}],"wp:term":[{"taxonomy":"product_cat","embeddable":true,"href":"https:\/\/www.gilavandelden.de\/buchshop\/wp-json\/wp\/v2\/product_cat?post=10987"},{"taxonomy":"product_tag","embeddable":true,"href":"https:\/\/www.gilavandelden.de\/buchshop\/wp-json\/wp\/v2\/product_tag?post=10987"}],"curies":[{"name":"wp","href":"https:\/\/api.w.org\/{rel}","templated":true}]}}

<p>In dieser zauberhaften, geführten Phantasiereise fliegen Sie in Ihrer Imagination als Schmetterling in das Land Ihrer Phantasie. Auf ganz leichte und entspannende Art spüren Sie die Verwandlung, wie Sie aus Ihrem begrenzten Kokon schlüpfen und in eine wunderbare Welt der Farben, des Lichtes und der Harmonie eintauchen. Diese wunderschöne Meditation führt Sie in die Natur, in den verborgenen Bereich Ihrer Träume und Ihres Unbewussten, wo noch viele unentdeckte Schätze liegen. Diese Meditation ist nicht nur für Erwachsene, sondern auch sehr gut für Kinder geeignet, um ihnen auf ganz sanfte Weise die Metamorphose der Natur nahe zu bringen.</p>
<p>COUNTRY-VERLAG</p>
<p>ISBN 978-3-9816486-1-4</p>
<p><strong>Hörprobe:</strong></p>
<div id="video01"><div class="embed-container" style=""><iframe src="https://www.youtube-nocookie.com/embed/VRCpHCCkDUc?rel=0&amp;showinfo=0" frameborder="0" allowfullscreen></iframe></div></div>

<p>In dieser zauberhaften, geführten Phantasiereise fliegen Sie in Ihrer Imagination als Schmetterling in das Land Ihrer Phantasie. Auf ganz leichte und entspannende Art spüren Sie die Verwandlung, wie Sie aus Ihrem begrenzten Kokon schlüpfen und in eine wunderbare Welt der Farben, des Lichtes und der Harmonie eintauchen. Diese wunderschöne Meditation führt Sie in die Natur, [&hellip;]</p>
