{"id":10988,"date":"2017-08-01T00:40:32","date_gmt":"2017-07-31T22:40:32","guid":{"rendered":"http:\/\/www.gilavandelden.de\/buchshop\/?post_type=product&#038;p=10988"},"modified":"2023-07-03T18:18:35","modified_gmt":"2023-07-03T16:18:35","slug":"weiser-ratgeber","status":"publish","type":"product","link":"https:\/\/www.gilavandelden.de\/buchshop\/produkt\/weiser-ratgeber\/","title":{"rendered":"Weiser Ratgeber (Gila van Delden)"},"content":{"rendered":"<p>Die positiven Kr\u00e4fte unseres Unbewussten geben uns ein Gef\u00fchl der Sicherheit und der inneren W\u00e4rme. Zum Gl\u00fcck sammelt unser Unbewusstes all unsere Erfahrungen, so dass es tief in uns selbst so etwas gibt wie eine Stimme der Weisheit. Diese Stimme unseres weisen Ratgebers von Zeit zu Zeit zu h\u00f6ren ist wichtig.<br \/>\nIn dieser zauberhaften, gef\u00fchrten Meditation k\u00f6nnen Sie sich an die innere Stimme der Weisheit und Lebenserfah-rung wenden, um von dort Zuversicht und Anregung bei der L\u00f6sung aktueller Probleme zu erfahren. Und wenn es der richtige Zeitpunkt ist, so werden Sie auch eine Antwort erhalten&#8230;<\/p>\n<p>COUNTRY-VERLAG<\/p>\n<p>ISBN 978-3-9816486-0-7<\/p>\n<p><strong>H\u00f6rprobe:<\/strong><\/p>\n<div id=\"video01\"><div class=\"embed-container\" style=\"\"><iframe src=\"https:\/\/www.youtube-nocookie.com\/embed\/yhVc6O09K-c?rel=0&amp;showinfo=0\" frameborder=\"0\" allowfullscreen><\/iframe><\/div><\/div>\n","protected":false},"excerpt":{"rendered":"<p>Die positiven Kr\u00e4fte unseres Unbewussten geben uns ein Gef\u00fchl der Sicherheit und der inneren W\u00e4rme. Zum Gl\u00fcck sammelt unser Unbewusstes all unsere Erfahrungen, so dass es tief in uns selbst so etwas gibt wie eine Stimme der Weisheit. Diese Stimme unseres weisen Ratgebers von Zeit zu Zeit zu h\u00f6ren ist wichtig. In dieser zauberhaften, gef\u00fchrten [&hellip;]<\/p>\n","protected":false},"featured_media":357,"template":"","meta":[],"product_cat":[63,24],"product_tag":[],"_links":{"self":[{"href":"https:\/\/www.gilavandelden.de\/buchshop\/wp-json\/wp\/v2\/product\/10988"}],"collection":[{"href":"https:\/\/www.gilavandelden.de\/buchshop\/wp-json\/wp\/v2\/product"}],"about":[{"href":"https:\/\/www.gilavandelden.de\/buchshop\/wp-json\/wp\/v2\/types\/product"}],"wp:featuredmedia":[{"embeddable":true,"href":"https:\/\/www.gilavandelden.de\/buchshop\/wp-json\/wp\/v2\/media\/357"}],"wp:attachment":[{"href":"https:\/\/www.gilavandelden.de\/buchshop\/wp-json\/wp\/v2\/media?parent=10988"}],"wp:term":[{"taxonomy":"product_cat","embeddable":true,"href":"https:\/\/www.gilavandelden.de\/buchshop\/wp-json\/wp\/v2\/product_cat?post=10988"},{"taxonomy":"product_tag","embeddable":true,"href":"https:\/\/www.gilavandelden.de\/buchshop\/wp-json\/wp\/v2\/product_tag?post=10988"}],"curies":[{"name":"wp","href":"https:\/\/api.w.org\/{rel}","templated":true}]}}

<p>Die positiven Kräfte unseres Unbewussten geben uns ein Gefühl der Sicherheit und der inneren Wärme. Zum Glück sammelt unser Unbewusstes all unsere Erfahrungen, so dass es tief in uns selbst so etwas gibt wie eine Stimme der Weisheit. Diese Stimme unseres weisen Ratgebers von Zeit zu Zeit zu hören ist wichtig.<br />
In dieser zauberhaften, geführten Meditation können Sie sich an die innere Stimme der Weisheit und Lebenserfah-rung wenden, um von dort Zuversicht und Anregung bei der Lösung aktueller Probleme zu erfahren. Und wenn es der richtige Zeitpunkt ist, so werden Sie auch eine Antwort erhalten&#8230;</p>
<p>COUNTRY-VERLAG</p>
<p>ISBN 978-3-9816486-0-7</p>
<p><strong>Hörprobe:</strong></p>
<div id="video01"><div class="embed-container" style=""><iframe src="https://www.youtube-nocookie.com/embed/yhVc6O09K-c?rel=0&amp;showinfo=0" frameborder="0" allowfullscreen></iframe></div></div>

<p>Die positiven Kräfte unseres Unbewussten geben uns ein Gefühl der Sicherheit und der inneren Wärme. Zum Glück sammelt unser Unbewusstes all unsere Erfahrungen, so dass es tief in uns selbst so etwas gibt wie eine Stimme der Weisheit. Diese Stimme unseres weisen Ratgebers von Zeit zu Zeit zu hören ist wichtig. In dieser zauberhaften, geführten [&hellip;]</p>
