{"id":11002,"date":"2017-08-01T01:20:08","date_gmt":"2017-07-31T23:20:08","guid":{"rendered":"http:\/\/www.gilavandelden.de\/buchshop\/?post_type=product&#038;p=11002"},"modified":"2023-07-03T18:16:35","modified_gmt":"2023-07-03T16:16:35","slug":"gib-uns-herzen-die-verstehen","status":"publish","type":"product","link":"https:\/\/www.gilavandelden.de\/buchshop\/produkt\/gib-uns-herzen-die-verstehen\/","title":{"rendered":"&#8230; gib uns Herzen, die verstehen! (Gila van Delden) &#8211; Gebundenes Buch oder auch als E-Book!"},"content":{"rendered":"<p>\u2026 gib uns Herzen, die verstehen!<\/p>\n<p>Das Thema dieses Buches entspringt dem tiefen Wunsch nach Frieden in dieser Zeit. Wer Tiefgang, Humor und Authentizit\u00e4t liebt, wird von diesem Buch vollauf begeistert sein.<\/p>\n<p>Die Autorin hat durch die Verfilmung ihres ersten Buches \u201e\u2026nicht heulen, Husky!\u201c sowie ihre B\u00fccher \u201eMutter Erde, trage mich \u2026\u201c und \u201eImpulse zum Gl\u00fccklichsein\u201c einen gro\u00dfen Bekanntheitsgrad in Europa erreicht. Mit viel Liebe leitet sie Kurse \u00fcber die Kraft des Unbewussten \u00fcberall in Deutschland, \u00d6sterreich und der Schweiz. Sie beschreibt viele humorvolle und ber\u00fchrende Erlebnisse aus ihrer langj\u00e4hrigen T\u00e4tigkeit als Seminarleiterin und als alleinerziehende Mutter von vier Kindern.<\/p>\n<p>Der Leser schmunzelt, lacht \u2013 ist andererseits tief ber\u00fchrt durch das Erkennen: Spiritualit\u00e4t geh\u00f6rt zum Alltag \u2013 wir Menschen sind ganzheitliche Wesen. Erfrischend ist, wie erdverbunden und dennoch spirituell Situationen von ihr beleuchtet werden. Behutsam l\u00e4sst sie den Leser an ihren feinsinnigen Erkenntnissen der Heimkehr der Seele teilhaben und f\u00fchrt ihn somit in das Vertrauen, dass alles im Leben einen Sinn hat.<br \/>\nLiebe ist die gr\u00f6\u00dfte Kraft im Universum, und Gila van Deldens Leben sowie ihre B\u00fccher sind ein Beweis daf\u00fcr, dass alle Situationen durch die Liebe und die richtigen Lebensformeln zu meistern sind.<\/p>\n<p><strong>Hardcover\u00a0 \u00a0ISBN 978-3-9803144-6-6<\/strong><\/p>\n<p><strong>E-BOOK\u00a0 \u00a0 \u00a0 \u00a0ISBN\u00a0978-3-9822751-2-3\u00a0 \u00a0 \u00a0\u00a0Format epub<\/strong><\/p>\n<p><a href=\"http:\/\/www.gilavandelden.de\/buchshop\/wp-content\/uploads\/2017\/08\/Leseprobe3-HERZEN.pdf\">Leseprobe<\/a><\/p>\n","protected":false},"excerpt":{"rendered":"<p>\u2026 gib uns Herzen, die verstehen! Das Thema dieses Buches entspringt dem tiefen Wunsch nach Frieden in dieser Zeit. Wer Tiefgang, Humor und Authentizit\u00e4t liebt, wird von diesem Buch vollauf begeistert sein. Die Autorin hat durch die Verfilmung ihres ersten Buches \u201e\u2026nicht heulen, Husky!\u201c sowie ihre B\u00fccher \u201eMutter Erde, trage mich \u2026\u201c und \u201eImpulse zum [&hellip;]<\/p>\n","protected":false},"featured_media":11028,"template":"","meta":[],"product_cat":[63,27],"product_tag":[],"_links":{"self":[{"href":"https:\/\/www.gilavandelden.de\/buchshop\/wp-json\/wp\/v2\/product\/11002"}],"collection":[{"href":"https:\/\/www.gilavandelden.de\/buchshop\/wp-json\/wp\/v2\/product"}],"about":[{"href":"https:\/\/www.gilavandelden.de\/buchshop\/wp-json\/wp\/v2\/types\/product"}],"wp:featuredmedia":[{"embeddable":true,"href":"https:\/\/www.gilavandelden.de\/buchshop\/wp-json\/wp\/v2\/media\/11028"}],"wp:attachment":[{"href":"https:\/\/www.gilavandelden.de\/buchshop\/wp-json\/wp\/v2\/media?parent=11002"}],"wp:term":[{"taxonomy":"product_cat","embeddable":true,"href":"https:\/\/www.gilavandelden.de\/buchshop\/wp-json\/wp\/v2\/product_cat?post=11002"},{"taxonomy":"product_tag","embeddable":true,"href":"https:\/\/www.gilavandelden.de\/buchshop\/wp-json\/wp\/v2\/product_tag?post=11002"}],"curies":[{"name":"wp","href":"https:\/\/api.w.org\/{rel}","templated":true}]}}