{"id":11007,"date":"2017-08-01T01:27:28","date_gmt":"2017-07-31T23:27:28","guid":{"rendered":"http:\/\/www.gilavandelden.de\/buchshop\/?post_type=product&#038;p=11007"},"modified":"2023-05-02T16:08:06","modified_gmt":"2023-05-02T14:08:06","slug":"nicht-heulen-husky","status":"publish","type":"product","link":"https:\/\/www.gilavandelden.de\/buchshop\/produkt\/nicht-heulen-husky\/","title":{"rendered":"\u2026 nicht heulen, Husky! (Gila van Delden) (Hardcover)"},"content":{"rendered":"<p>\u2026 nicht heulen, Husky!<\/p>\n<p>Die Autorin ist in Bielefeld geboren. Mit Humor und Selbstironie erz\u00e4hlt sie freim\u00fctig ihre turbulente Geschichte. Sie m\u00f6chte damit nicht zuletzt dem Leser eine Anregung geben, an die Kraft der Gedanken zu glauben.<\/p>\n<p>In aller Heimlichkeit plant sie ihre Auswanderung nach Kanada, gemeinsam mit Rainer, dem Mann ihrer besten Freundin Eva und Vater ihrer Tochter Dana. Trotz vieler scheinbar un\u00fcberwindlicher Hindernisse gelingt ihnen die Einwanderung in die Yukon Territories \u2013 und ohne Evas Wissen verlassen sie Deutschland. Doch es zeigt sich, dass Rainers Liebe zu seinen dreizehn Huskies nicht unproblematisch ist. Liegt nur in der endg\u00fcltigen R\u00fcckkehr nach Deutschland die Chance f\u00fcr ein gemeinsames Leben f\u00fcr alle?<\/p>\n<p>In Pers\u00f6nlichkeits-Seminaren lernt Gila van Delden die Kraft des positiven Denkens kennen, die ihr zur Lebensphilosophie wird. Obwohl sie ihren ganzen Glauben an das Gute einsetzt, um nochmals ein Leben in Kanada zu beginnen, muss sie sich schlie\u00dflich doch der Macht des Schicksals beugen. In ihrem zweiten Buch \u201eMutter Erde, trage mich \u2026\u201c setzt sie ihre Geschichte fort.<\/p>\n<p>Hardcover:\u00a0 \u00a0 \u00a0 ISBN 978-3-9803144-0-4<\/p>\n<p><a href=\"http:\/\/www.gilavandelden.de\/buchshop\/wp-content\/uploads\/2017\/08\/Leseprobe1-HUSKY.pdf\">Leseprobe<\/a><\/p>\n","protected":false},"excerpt":{"rendered":"<p>\u2026 nicht heulen, Husky! Die Autorin ist in Bielefeld geboren. Mit Humor und Selbstironie erz\u00e4hlt sie freim\u00fctig ihre turbulente Geschichte. Sie m\u00f6chte damit nicht zuletzt dem Leser eine Anregung geben, an die Kraft der Gedanken zu glauben. In aller Heimlichkeit plant sie ihre Auswanderung nach Kanada, gemeinsam mit Rainer, dem Mann ihrer besten Freundin Eva [&hellip;]<\/p>\n","protected":false},"featured_media":11295,"template":"","meta":[],"product_cat":[63,27],"product_tag":[],"_links":{"self":[{"href":"https:\/\/www.gilavandelden.de\/buchshop\/wp-json\/wp\/v2\/product\/11007"}],"collection":[{"href":"https:\/\/www.gilavandelden.de\/buchshop\/wp-json\/wp\/v2\/product"}],"about":[{"href":"https:\/\/www.gilavandelden.de\/buchshop\/wp-json\/wp\/v2\/types\/product"}],"wp:featuredmedia":[{"embeddable":true,"href":"https:\/\/www.gilavandelden.de\/buchshop\/wp-json\/wp\/v2\/media\/11295"}],"wp:attachment":[{"href":"https:\/\/www.gilavandelden.de\/buchshop\/wp-json\/wp\/v2\/media?parent=11007"}],"wp:term":[{"taxonomy":"product_cat","embeddable":true,"href":"https:\/\/www.gilavandelden.de\/buchshop\/wp-json\/wp\/v2\/product_cat?post=11007"},{"taxonomy":"product_tag","embeddable":true,"href":"https:\/\/www.gilavandelden.de\/buchshop\/wp-json\/wp\/v2\/product_tag?post=11007"}],"curies":[{"name":"wp","href":"https:\/\/api.w.org\/{rel}","templated":true}]}}

<p>… nicht heulen, Husky!</p>
<p>Die Autorin ist in Bielefeld geboren. Mit Humor und Selbstironie erzählt sie freimütig ihre turbulente Geschichte. Sie möchte damit nicht zuletzt dem Leser eine Anregung geben, an die Kraft der Gedanken zu glauben.</p>
<p>In aller Heimlichkeit plant sie ihre Auswanderung nach Kanada, gemeinsam mit Rainer, dem Mann ihrer besten Freundin Eva und Vater ihrer Tochter Dana. Trotz vieler scheinbar unüberwindlicher Hindernisse gelingt ihnen die Einwanderung in die Yukon Territories – und ohne Evas Wissen verlassen sie Deutschland. Doch es zeigt sich, dass Rainers Liebe zu seinen dreizehn Huskies nicht unproblematisch ist. Liegt nur in der endgültigen Rückkehr nach Deutschland die Chance für ein gemeinsames Leben für alle?</p>
<p>In Persönlichkeits-Seminaren lernt Gila van Delden die Kraft des positiven Denkens kennen, die ihr zur Lebensphilosophie wird. Obwohl sie ihren ganzen Glauben an das Gute einsetzt, um nochmals ein Leben in Kanada zu beginnen, muss sie sich schließlich doch der Macht des Schicksals beugen. In ihrem zweiten Buch „Mutter Erde, trage mich …“ setzt sie ihre Geschichte fort.</p>
<p>Hardcover:      ISBN 978-3-9803144-0-4</p>
<p><a href="http://www.gilavandelden.de/buchshop/wp-content/uploads/2017/08/Leseprobe1-HUSKY.pdf">Leseprobe</a></p>

<p>… nicht heulen, Husky! Die Autorin ist in Bielefeld geboren. Mit Humor und Selbstironie erzählt sie freimütig ihre turbulente Geschichte. Sie möchte damit nicht zuletzt dem Leser eine Anregung geben, an die Kraft der Gedanken zu glauben. In aller Heimlichkeit plant sie ihre Auswanderung nach Kanada, gemeinsam mit Rainer, dem Mann ihrer besten Freundin Eva [&hellip;]</p>
