{"id":11268,"date":"2017-11-26T09:47:24","date_gmt":"2017-11-26T08:47:24","guid":{"rendered":"http:\/\/www.gilavandelden.de\/buchshop\/?post_type=product&#038;p=11268"},"modified":"2019-05-31T20:41:12","modified_gmt":"2019-05-31T18:41:12","slug":"in-wahrheit-ist-es-liebe","status":"publish","type":"product","link":"https:\/\/www.gilavandelden.de\/buchshop\/produkt\/in-wahrheit-ist-es-liebe\/","title":{"rendered":"In Wahrheit ist es Liebe &#8230; (Gabi Berens)"},"content":{"rendered":"<h4 style=\"text-align: center;\"><strong>In Wahrheit ist es Liebe &#8230;<\/strong><\/h4>\n<h4 style=\"text-align: center;\"><strong>Unser behindertes Kind als Wegweiser<\/strong><\/h4>\n<hr \/>\n<p>Die Autorin ist 1961 in Ibbenb\u00fcren geboren. 1984, zwei Jahre nach der Heirat mit ihrem Mann Laurenz, kommt ihr Wunschkind Timo schwer behindert zur Welt. Obwohl Timo eigentlich kaum eine \u00dcberlebenschance hat und rund um die Uhr intensivster Pflege bedarf, nehmen die Eltern die Herausforderung an und holen ihr Kind nach Hause.<\/p>\n<p>Das Buch erz\u00e4hlt von den ungeheuren Schwierigkeiten, die Gabi und Laurenz bew\u00e4ltigen und die sie immer wieder an die Grenze ihrer Belastbarkeit f\u00fchren. Es erz\u00e4hlt aber auch, wie sie durch die Kraft der Liebe das Leben mit Timo meistern.<\/p>\n<p>Wie ein roter Faden zieht sich der Reifeprozess der Autorin vom sorglosen jungen M\u00e4dchen zu einer in sich ruhenden Pers\u00f6nlichkeit.<\/p>\n<p>Sie erkennt, dass behinderte Kinder etwas ganz Besonderes sind und dass nicht jede Familie die Chance erh\u00e4lt, mit so einem besonderen Kind zu leben.<\/p>\n<p>Die ungek\u00fcnstelte Herzlichkeit, mit der dieses Buch geschrieben ist, wirkt ansteckend und macht neugierig.<\/p>\n","protected":false},"excerpt":{"rendered":"<p>In Wahrheit ist es Liebe &#8230; Unser behindertes Kind als Wegweiser Die Autorin ist 1961 in Ibbenb\u00fcren geboren. 1984, zwei Jahre nach der Heirat mit ihrem Mann Laurenz, kommt ihr Wunschkind Timo schwer behindert zur Welt. Obwohl Timo eigentlich kaum eine \u00dcberlebenschance hat und rund um die Uhr intensivster Pflege bedarf, nehmen die Eltern die [&hellip;]<\/p>\n","protected":false},"featured_media":11278,"template":"","meta":[],"product_cat":[63,27],"product_tag":[],"_links":{"self":[{"href":"https:\/\/www.gilavandelden.de\/buchshop\/wp-json\/wp\/v2\/product\/11268"}],"collection":[{"href":"https:\/\/www.gilavandelden.de\/buchshop\/wp-json\/wp\/v2\/product"}],"about":[{"href":"https:\/\/www.gilavandelden.de\/buchshop\/wp-json\/wp\/v2\/types\/product"}],"wp:featuredmedia":[{"embeddable":true,"href":"https:\/\/www.gilavandelden.de\/buchshop\/wp-json\/wp\/v2\/media\/11278"}],"wp:attachment":[{"href":"https:\/\/www.gilavandelden.de\/buchshop\/wp-json\/wp\/v2\/media?parent=11268"}],"wp:term":[{"taxonomy":"product_cat","embeddable":true,"href":"https:\/\/www.gilavandelden.de\/buchshop\/wp-json\/wp\/v2\/product_cat?post=11268"},{"taxonomy":"product_tag","embeddable":true,"href":"https:\/\/www.gilavandelden.de\/buchshop\/wp-json\/wp\/v2\/product_tag?post=11268"}],"curies":[{"name":"wp","href":"https:\/\/api.w.org\/{rel}","templated":true}]}}

<h4 style="text-align: center;"><strong>In Wahrheit ist es Liebe &#8230;</strong></h4>
<h4 style="text-align: center;"><strong>Unser behindertes Kind als Wegweiser</strong></h4>
<hr />
<p>Die Autorin ist 1961 in Ibbenbüren geboren. 1984, zwei Jahre nach der Heirat mit ihrem Mann Laurenz, kommt ihr Wunschkind Timo schwer behindert zur Welt. Obwohl Timo eigentlich kaum eine Überlebenschance hat und rund um die Uhr intensivster Pflege bedarf, nehmen die Eltern die Herausforderung an und holen ihr Kind nach Hause.</p>
<p>Das Buch erzählt von den ungeheuren Schwierigkeiten, die Gabi und Laurenz bewältigen und die sie immer wieder an die Grenze ihrer Belastbarkeit führen. Es erzählt aber auch, wie sie durch die Kraft der Liebe das Leben mit Timo meistern.</p>
<p>Wie ein roter Faden zieht sich der Reifeprozess der Autorin vom sorglosen jungen Mädchen zu einer in sich ruhenden Persönlichkeit.</p>
<p>Sie erkennt, dass behinderte Kinder etwas ganz Besonderes sind und dass nicht jede Familie die Chance erhält, mit so einem besonderen Kind zu leben.</p>
<p>Die ungekünstelte Herzlichkeit, mit der dieses Buch geschrieben ist, wirkt ansteckend und macht neugierig.</p>

<p>In Wahrheit ist es Liebe &#8230; Unser behindertes Kind als Wegweiser Die Autorin ist 1961 in Ibbenbüren geboren. 1984, zwei Jahre nach der Heirat mit ihrem Mann Laurenz, kommt ihr Wunschkind Timo schwer behindert zur Welt. Obwohl Timo eigentlich kaum eine Überlebenschance hat und rund um die Uhr intensivster Pflege bedarf, nehmen die Eltern die [&hellip;]</p>
