{"id":11279,"date":"2017-12-01T09:35:31","date_gmt":"2017-12-01T08:35:31","guid":{"rendered":"http:\/\/www.gilavandelden.de\/buchshop\/?post_type=product&#038;p=11279"},"modified":"2025-11-11T15:15:55","modified_gmt":"2025-11-11T14:15:55","slug":"engel-in-meinem-haar-von-lorna-byrne","status":"publish","type":"product","link":"https:\/\/www.gilavandelden.de\/buchshop\/produkt\/engel-in-meinem-haar-von-lorna-byrne\/","title":{"rendered":"Engel in meinem Haar (Lorna Byrne)"},"content":{"rendered":"<p style=\"text-align: left;\"><strong>\u201eDie Frau, die mit den Engeln spricht!\u201c\u00a0\u00a0<\/strong><em>Die Welt<\/em><\/p>\n<hr \/>\n<p style=\"text-align: left;\"><em>\u00a0<\/em>Bereits als Kind erkennt Lorna Byrne, dass sie \u00fcber au\u00dferge-<br \/>\nw\u00f6hnliche F\u00e4higkeiten verf\u00fcgt: Sie kann Engel wahrnehmen,<br \/>\ndie ihre st\u00e4ndigen Begleiter werden. Doch Lorna lernt fr\u00fch,<br \/>\nihre Erfahrungen zu verbergen, und viele Jahre vergehen,<br \/>\nbis sie begreift, dass sie ihr Schweigen brechen muss, um ihre<br \/>\nGabe f\u00fcr andere Menschen einzusetzen. In diesem Buch erz\u00e4hlt<br \/>\neine moderne irische Mystikerin die ber\u00fchrende Geschichte<br \/>\nihres Lebens &#8211; und davon, wie Engel uns in jedem Moment<br \/>\nleiten und unterst\u00fctzen k\u00f6nnen, wenn wir uns f\u00fcr ihre<br \/>\nliebevolle Pr\u00e4senz \u00f6ffnen.<\/p>\n<p style=\"text-align: left;\">Dieses Buch ver\u00e4nderte das Leben von<br \/>\nMenschen auf der ganzen Welt.<\/p>\n<p style=\"text-align: left;\">ISBN 978-3-442-22088-5<\/p>\n<p style=\"text-align: left;\">14,00 \u20ac<\/p>\n","protected":false},"excerpt":{"rendered":"<p>\u201eDie Frau, die mit den Engeln spricht!\u201c\u00a0\u00a0Die Welt \u00a0Bereits als Kind erkennt Lorna Byrne, dass sie \u00fcber au\u00dferge- w\u00f6hnliche F\u00e4higkeiten verf\u00fcgt: Sie kann Engel wahrnehmen, die ihre st\u00e4ndigen Begleiter werden. Doch Lorna lernt fr\u00fch, ihre Erfahrungen zu verbergen, und viele Jahre vergehen, bis sie begreift, dass sie ihr Schweigen brechen muss, um ihre Gabe f\u00fcr [&hellip;]<\/p>\n","protected":false},"featured_media":11280,"template":"","meta":[],"product_cat":[63,28],"product_tag":[],"_links":{"self":[{"href":"https:\/\/www.gilavandelden.de\/buchshop\/wp-json\/wp\/v2\/product\/11279"}],"collection":[{"href":"https:\/\/www.gilavandelden.de\/buchshop\/wp-json\/wp\/v2\/product"}],"about":[{"href":"https:\/\/www.gilavandelden.de\/buchshop\/wp-json\/wp\/v2\/types\/product"}],"wp:featuredmedia":[{"embeddable":true,"href":"https:\/\/www.gilavandelden.de\/buchshop\/wp-json\/wp\/v2\/media\/11280"}],"wp:attachment":[{"href":"https:\/\/www.gilavandelden.de\/buchshop\/wp-json\/wp\/v2\/media?parent=11279"}],"wp:term":[{"taxonomy":"product_cat","embeddable":true,"href":"https:\/\/www.gilavandelden.de\/buchshop\/wp-json\/wp\/v2\/product_cat?post=11279"},{"taxonomy":"product_tag","embeddable":true,"href":"https:\/\/www.gilavandelden.de\/buchshop\/wp-json\/wp\/v2\/product_tag?post=11279"}],"curies":[{"name":"wp","href":"https:\/\/api.w.org\/{rel}","templated":true}]}}