{"id":11760,"date":"2019-11-21T14:41:55","date_gmt":"2019-11-21T13:41:55","guid":{"rendered":"http:\/\/www.gilavandelden.de\/buchshop\/?post_type=product&#038;p=11760"},"modified":"2023-11-26T15:30:37","modified_gmt":"2023-11-26T14:30:37","slug":"hamoni-harmonisierer-mobil-in-weiss","status":"publish","type":"product","link":"https:\/\/www.gilavandelden.de\/buchshop\/produkt\/hamoni-harmonisierer-mobil-in-weiss\/","title":{"rendered":"MOBILER Hamoni\u00ae Harmonisierer in Wei\u00df"},"content":{"rendered":"<h5 style=\"text-align: center;\"><strong>!!! Der MOBILE HAMONI-Harmonisierer ist da !!!<br \/>\n<\/strong><\/h5>\n<h5 style=\"text-align: center;\"><strong>&#8211;\u00a0 etwa so gro\u00df wie eine Streichholzschachtel &#8211;<br \/>\n<\/strong><strong>n\u00e4mlich 6 cm x 3 cm x 2 cm<\/strong><\/h5>\n<h5 style=\"text-align: center;\"><strong>Warum \u00fcberhaupt ein mobiles Ger\u00e4t?<\/strong><\/h5>\n<h5 style=\"text-align: center;\"><strong>Gehen wir doch mal durch irgendein Stadtzentrum:<br \/>\nWir sehen fast nur noch Menschen mit Handys.\u00a0<\/strong><br \/>\n<strong>Schon aufgefallen?<\/strong><\/h5>\n<h5 style=\"text-align: center;\"><strong>Die Notwendigkeit f\u00fcr einen mobilen Schutz vor Elektrosmog ergibt sich aus zwei Hauptgr\u00fcnden:<\/strong><\/h5>\n<h5 style=\"text-align: center;\"><strong>Erstens verbringt ein Gro\u00dfteil der Bev\u00f6lkerung<br \/>\nden oft \u00fcberwiegenden Teil des Tages au\u00dfer Haus,<br \/>\n<\/strong><strong>vor allem in der Arbeit, Schule, Ausbildungsplatz, etc. und auf dem Weg dorthin.<br \/>\nUnd zweitens ist gerade die Belastung mit Elektrosmog<br \/>\nmeistens um ein Vielfaches h\u00f6her als zu Hause.<br \/>\nGerade der letzte Punkt wird sehr oft untersch\u00e4tzt.<\/strong><\/h5>\n<h5 style=\"text-align: center;\"><strong>Das 5G-Netz soll ein\u00a0noch leistungsf\u00e4higerer Mobilfunkstandard werden,<\/strong><br \/>\n<strong> wir k\u00f6nnen jedoch jetzt alle Bef\u00fcrchtungen beiseite legen,<\/strong><br \/>\n<strong> ob durch den MOBILEN oder den station\u00e4ren Harmonisierer.<\/strong><\/h5>\n<h5 style=\"text-align: center;\"><strong>Auch zu dem MOBILEN Ger\u00e4t gibt es wieder als Zugabe das Hardcover-Buch &#8222;Liebe ist die gr\u00f6\u00dfte Kraft&#8220; (28,90 \u20ac)<\/strong><br \/>\n<strong> oder falls dieses schon vorhanden ist,<\/strong><br \/>\n<strong> ein anderes Hardcover-Buch nach Absprache mit unserem B\u00fcro.<\/strong><\/h5>\n<p style=\"text-align: center;\"><img loading=\"lazy\" class=\"alignnone size-medium wp-image-11780\" src=\"http:\/\/www.gilavandelden.de\/buchshop\/wp-content\/uploads\/2019\/11\/Liebe-ist-die-gr\u00f6\u00dfte-Kraft-gedreht-Small-254x300.jpg\" alt=\"\" width=\"254\" height=\"300\" srcset=\"https:\/\/www.gilavandelden.de\/buchshop\/wp-content\/uploads\/2019\/11\/Liebe-ist-die-gr\u00f6\u00dfte-Kraft-gedreht-Small-254x300.jpg 254w, https:\/\/www.gilavandelden.de\/buchshop\/wp-content\/uploads\/2019\/11\/Liebe-ist-die-gr\u00f6\u00dfte-Kraft-gedreht-Small-216x255.jpg 216w, https:\/\/www.gilavandelden.de\/buchshop\/wp-content\/uploads\/2019\/11\/Liebe-ist-die-gr\u00f6\u00dfte-Kraft-gedreht-Small.jpg 480w\" sizes=\"(max-width: 254px) 100vw, 254px\" \/><\/p>\n<p><strong>\u00a0<\/strong><\/p>\n","protected":false},"excerpt":{"rendered":"<p>!!! Der MOBILE HAMONI-Harmonisierer ist da !!! &#8211;\u00a0 etwa so gro\u00df wie eine Streichholzschachtel &#8211; n\u00e4mlich 6 cm x 3 cm x 2 cm Warum \u00fcberhaupt ein mobiles Ger\u00e4t? Gehen wir doch mal durch irgendein Stadtzentrum: Wir sehen fast nur noch Menschen mit Handys.\u00a0 Schon aufgefallen? Die Notwendigkeit f\u00fcr einen mobilen Schutz vor Elektrosmog ergibt [&hellip;]<\/p>\n","protected":false},"featured_media":11782,"template":"","meta":[],"product_cat":[58],"product_tag":[],"_links":{"self":[{"href":"https:\/\/www.gilavandelden.de\/buchshop\/wp-json\/wp\/v2\/product\/11760"}],"collection":[{"href":"https:\/\/www.gilavandelden.de\/buchshop\/wp-json\/wp\/v2\/product"}],"about":[{"href":"https:\/\/www.gilavandelden.de\/buchshop\/wp-json\/wp\/v2\/types\/product"}],"wp:featuredmedia":[{"embeddable":true,"href":"https:\/\/www.gilavandelden.de\/buchshop\/wp-json\/wp\/v2\/media\/11782"}],"wp:attachment":[{"href":"https:\/\/www.gilavandelden.de\/buchshop\/wp-json\/wp\/v2\/media?parent=11760"}],"wp:term":[{"taxonomy":"product_cat","embeddable":true,"href":"https:\/\/www.gilavandelden.de\/buchshop\/wp-json\/wp\/v2\/product_cat?post=11760"},{"taxonomy":"product_tag","embeddable":true,"href":"https:\/\/www.gilavandelden.de\/buchshop\/wp-json\/wp\/v2\/product_tag?post=11760"}],"curies":[{"name":"wp","href":"https:\/\/api.w.org\/{rel}","templated":true}]}}

MOBILER Hamoni® Harmonisierer in Weiß

<h5 style="text-align: center;"><strong>!!! Der MOBILE HAMONI-Harmonisierer ist da !!!<br />
</strong></h5>
<h5 style="text-align: center;"><strong>&#8211;  etwa so groß wie eine Streichholzschachtel &#8211;<br />
</strong><strong>nämlich 6 cm x 3 cm x 2 cm</strong></h5>
<h5 style="text-align: center;"><strong>Warum überhaupt ein mobiles Gerät?</strong></h5>
<h5 style="text-align: center;"><strong>Gehen wir doch mal durch irgendein Stadtzentrum:<br />
Wir sehen fast nur noch Menschen mit Handys. </strong><br />
<strong>Schon aufgefallen?</strong></h5>
<h5 style="text-align: center;"><strong>Die Notwendigkeit für einen mobilen Schutz vor Elektrosmog ergibt sich aus zwei Hauptgründen:</strong></h5>
<h5 style="text-align: center;"><strong>Erstens verbringt ein Großteil der Bevölkerung<br />
den oft überwiegenden Teil des Tages außer Haus,<br />
</strong><strong>vor allem in der Arbeit, Schule, Ausbildungsplatz, etc. und auf dem Weg dorthin.<br />
Und zweitens ist gerade die Belastung mit Elektrosmog<br />
meistens um ein Vielfaches höher als zu Hause.<br />
Gerade der letzte Punkt wird sehr oft unterschätzt.</strong></h5>
<h5 style="text-align: center;"><strong>Das 5G-Netz soll ein noch leistungsfähigerer Mobilfunkstandard werden,</strong><br />
<strong> wir können jedoch jetzt alle Befürchtungen beiseite legen,</strong><br />
<strong> ob durch den MOBILEN oder den stationären Harmonisierer.</strong></h5>
<h5 style="text-align: center;"><strong>Auch zu dem MOBILEN Gerät gibt es wieder als Zugabe das Hardcover-Buch &#8222;Liebe ist die größte Kraft&#8220; (28,90 €)</strong><br />
<strong> oder falls dieses schon vorhanden ist,</strong><br />
<strong> ein anderes Hardcover-Buch nach Absprache mit unserem Büro.</strong></h5>
<p style="text-align: center;"><img loading="lazy" class="alignnone size-medium wp-image-11780" src="http://www.gilavandelden.de/buchshop/wp-content/uploads/2019/11/Liebe-ist-die-größte-Kraft-gedreht-Small-254x300.jpg" alt="" width="254" height="300" srcset="https://www.gilavandelden.de/buchshop/wp-content/uploads/2019/11/Liebe-ist-die-größte-Kraft-gedreht-Small-254x300.jpg 254w, https://www.gilavandelden.de/buchshop/wp-content/uploads/2019/11/Liebe-ist-die-größte-Kraft-gedreht-Small-216x255.jpg 216w, https://www.gilavandelden.de/buchshop/wp-content/uploads/2019/11/Liebe-ist-die-größte-Kraft-gedreht-Small.jpg 480w" sizes="(max-width: 254px) 100vw, 254px" /></p>
<p><strong> </strong></p>

<p>!!! Der MOBILE HAMONI-Harmonisierer ist da !!! &#8211;  etwa so groß wie eine Streichholzschachtel &#8211; nämlich 6 cm x 3 cm x 2 cm Warum überhaupt ein mobiles Gerät? Gehen wir doch mal durch irgendein Stadtzentrum: Wir sehen fast nur noch Menschen mit Handys.  Schon aufgefallen? Die Notwendigkeit für einen mobilen Schutz vor Elektrosmog ergibt [&hellip;]</p>
