{"id":11850,"date":"2020-03-10T13:49:45","date_gmt":"2020-03-10T12:49:45","guid":{"rendered":"http:\/\/www.gilavandelden.de\/buchshop\/?post_type=product&#038;p=11850"},"modified":"2023-07-03T18:07:26","modified_gmt":"2023-07-03T16:07:26","slug":"lass-dein-leben-leuchten-gila-van-delden-hoerbuch","status":"publish","type":"product","link":"https:\/\/www.gilavandelden.de\/buchshop\/produkt\/lass-dein-leben-leuchten-gila-van-delden-hoerbuch\/","title":{"rendered":"Lass dein Leben leuchten (Gila van Delden) H\u00f6rbuch und nun auch als E-BOOK erh\u00e4ltlich!"},"content":{"rendered":"<p style=\"text-align: center; text-decoration: underline;\">Dieses H\u00f6rbuch ist sowohl als MP3-Download (16,90 \u20ac) sowie als CD (24,90 \u20ac) und nun auch als E-BOOK erh\u00e4ltlich!<\/p>\n<hr \/>\n<p style=\"text-align: center; margin-top: 12px;\"><strong><br \/>\nDAS H\u00d6RBUCH ODER E-BOOK<\/strong><\/p>\n<h3 style=\"text-align: center; margin-top: 12px;\"><strong><em>&#8222;Lass dein Leben leuchten! &#8222;<\/em><\/strong><\/h3>\n<h5 style=\"text-align: center; margin-top: 12px;\"><strong>mit mehr als 100 Affirmationen zum Gl\u00fccklichsein<\/strong><\/h5>\n<h5 style=\"text-align: center; margin-top: 12px;\"><strong>F\u00dcR EIN LEBEN IN LICHT UND LIEBE<\/strong><\/h5>\n<p><strong>Die Kraft der Gedanken ist das allergr\u00f6\u00dfte Geschenk des Lebens. Wenn wir diese Energie liebevoll einsetzen, wird sich unser Leben von Grund auf ver\u00e4ndern. Denn die Gedanken von heute sind die Wirklichkeit von morgen.<\/strong><\/p>\n<p>&nbsp;<\/p>\n<p><strong>Mit \u00fcber 100 hochwirksamen Affirmationen zu den wichtigen Fragen des Lebens weist die Bestsellerautorin und Seminarleiterin Gila van Delden den Weg zu innerem Frieden, Zuversicht und Harmonie.<\/strong><\/p>\n<h4 style=\"text-align: center;\"><strong><em>Erkenne dein wirkliches Potenzial, sch\u00f6pfe es voll und ganz aus &#8211;<\/em><\/strong><br \/>\n<strong> <em>und lass dein Leben leuchten!<\/em><\/strong><\/h4>\n<p>&nbsp;<\/p>\n<p><strong>Produkttyp:\u00a0 \u00a0 \u00a0H\u00f6rbuch MP3-Download &#8211; oder H\u00f6rbuch-CD &#8211; oder E-BOOK\u00a0<\/strong><\/p>\n<p><strong>Gelesen von:\u00a0\u00a0 Gila van Delden<\/strong><\/p>\n<p><strong>Verlag:\u00a0 \u00a0 \u00a0 \u00a0 \u00a0 \u00a0 \u00a0 \u00a0 Consensus-Verlag<\/strong><\/p>\n<p><strong>Erschienen:\u00a0 \u00a0 \u00a0 H\u00f6rbuch M\u00e4rz 2020 \/ E-Book Januar 2021<\/strong><\/p>\n<p><strong>Sprache:\u00a0 \u00a0 \u00a0 \u00a0 \u00a0 \u00a0 \u00a0 Deutsch<\/strong><\/p>\n<p><strong>Spieldauer:\u00a0 \u00a0 \u00a0 \u00a0 H\u00f6rbuch 6 Std \u2013 13 Min \/ E-Book 189 Seiten<\/strong><\/p>\n<p><strong>Format:\u00a0 \u00a0 \u00a0 \u00a0 \u00a0 \u00a0 \u00a0 \u00a0 MP3 \u2013 128 kbit\/s &#8211; oder CD<\/strong><\/p>\n<p><strong>Download:\u00a0 \u00a0 \u00a0 \u00a0 \u00a0570 MB<\/strong><\/p>\n<p><strong>H\u00f6rbuch:\u00a0 \u00a0 \u00a0 \u00a0 \u00a0 \u00a0 \u00a0ISBN 978-3-9819066-1-5<\/strong><\/p>\n<p><strong>E-Book:\u00a0 \u00a0 \u00a0 \u00a0 \u00a0 \u00a0 \u00a0 \u00a0 ISBN 978-3-9822751-8-5\u00a0 \u00a0 \u00a0\u00a0Format epub<\/strong><\/p>\n<div id=\"video01\"><div class=\"embed-container\" style=\"\"><iframe src=\"https:\/\/www.youtube-nocookie.com\/embed\/zoQy9rZehAM?rel=0&amp;showinfo=0\" frameborder=\"0\" allowfullscreen><\/iframe><\/div><\/div>\n<div id=\"video01\"><div class=\"embed-container\" style=\"\"><iframe src=\"https:\/\/www.youtube-nocookie.com\/embed\/ta6CX0U0Awc?rel=0&amp;showinfo=0\" frameborder=\"0\" allowfullscreen><\/iframe><\/div><\/div>\n","protected":false},"excerpt":{"rendered":"<p>Dieses H\u00f6rbuch ist sowohl als MP3-Download (16,90 \u20ac) sowie als CD (24,90 \u20ac) und nun auch als E-BOOK erh\u00e4ltlich! DAS H\u00d6RBUCH ODER E-BOOK &#8222;Lass dein Leben leuchten! &#8222; mit mehr als 100 Affirmationen zum Gl\u00fccklichsein F\u00dcR EIN LEBEN IN LICHT UND LIEBE Die Kraft der Gedanken ist das allergr\u00f6\u00dfte Geschenk des Lebens. Wenn wir diese [&hellip;]<\/p>\n","protected":false},"featured_media":11852,"template":"","meta":[],"product_cat":[63,65],"product_tag":[],"_links":{"self":[{"href":"https:\/\/www.gilavandelden.de\/buchshop\/wp-json\/wp\/v2\/product\/11850"}],"collection":[{"href":"https:\/\/www.gilavandelden.de\/buchshop\/wp-json\/wp\/v2\/product"}],"about":[{"href":"https:\/\/www.gilavandelden.de\/buchshop\/wp-json\/wp\/v2\/types\/product"}],"wp:featuredmedia":[{"embeddable":true,"href":"https:\/\/www.gilavandelden.de\/buchshop\/wp-json\/wp\/v2\/media\/11852"}],"wp:attachment":[{"href":"https:\/\/www.gilavandelden.de\/buchshop\/wp-json\/wp\/v2\/media?parent=11850"}],"wp:term":[{"taxonomy":"product_cat","embeddable":true,"href":"https:\/\/www.gilavandelden.de\/buchshop\/wp-json\/wp\/v2\/product_cat?post=11850"},{"taxonomy":"product_tag","embeddable":true,"href":"https:\/\/www.gilavandelden.de\/buchshop\/wp-json\/wp\/v2\/product_tag?post=11850"}],"curies":[{"name":"wp","href":"https:\/\/api.w.org\/{rel}","templated":true}]}}

Lass dein Leben leuchten (Gila van Delden) Hörbuch und nun auch als E-BOOK erhältlich!

<p style="text-align: center; text-decoration: underline;">Dieses Hörbuch ist sowohl als MP3-Download (16,90 €) sowie als CD (24,90 €) und nun auch als E-BOOK erhältlich!</p>
<hr />
<p style="text-align: center; margin-top: 12px;"><strong><br />
DAS HÖRBUCH ODER E-BOOK</strong></p>
<h3 style="text-align: center; margin-top: 12px;"><strong><em>&#8222;Lass dein Leben leuchten! &#8222;</em></strong></h3>
<h5 style="text-align: center; margin-top: 12px;"><strong>mit mehr als 100 Affirmationen zum Glücklichsein</strong></h5>
<h5 style="text-align: center; margin-top: 12px;"><strong>FÜR EIN LEBEN IN LICHT UND LIEBE</strong></h5>
<p><strong>Die Kraft der Gedanken ist das allergrößte Geschenk des Lebens. Wenn wir diese Energie liebevoll einsetzen, wird sich unser Leben von Grund auf verändern. Denn die Gedanken von heute sind die Wirklichkeit von morgen.</strong></p>
<p>&nbsp;</p>
<p><strong>Mit über 100 hochwirksamen Affirmationen zu den wichtigen Fragen des Lebens weist die Bestsellerautorin und Seminarleiterin Gila van Delden den Weg zu innerem Frieden, Zuversicht und Harmonie.</strong></p>
<h4 style="text-align: center;"><strong><em>Erkenne dein wirkliches Potenzial, schöpfe es voll und ganz aus &#8211;</em></strong><br />
<strong> <em>und lass dein Leben leuchten!</em></strong></h4>
<p>&nbsp;</p>
<p><strong>Produkttyp:     Hörbuch MP3-Download &#8211; oder Hörbuch-CD &#8211; oder E-BOOK </strong></p>
<p><strong>Gelesen von:   Gila van Delden</strong></p>
<p><strong>Verlag:                Consensus-Verlag</strong></p>
<p><strong>Erschienen:      Hörbuch März 2020 / E-Book Januar 2021</strong></p>
<p><strong>Sprache:              Deutsch</strong></p>
<p><strong>Spieldauer:        Hörbuch 6 Std – 13 Min / E-Book 189 Seiten</strong></p>
<p><strong>Format:                MP3 – 128 kbit/s &#8211; oder CD</strong></p>
<p><strong>Download:         570 MB</strong></p>
<p><strong>Hörbuch:             ISBN 978-3-9819066-1-5</strong></p>
<p><strong>E-Book:                ISBN 978-3-9822751-8-5      Format epub</strong></p>
<div id="video01"><div class="embed-container" style=""><iframe src="https://www.youtube-nocookie.com/embed/zoQy9rZehAM?rel=0&amp;showinfo=0" frameborder="0" allowfullscreen></iframe></div></div>
<div id="video01"><div class="embed-container" style=""><iframe src="https://www.youtube-nocookie.com/embed/ta6CX0U0Awc?rel=0&amp;showinfo=0" frameborder="0" allowfullscreen></iframe></div></div>

<p>Dieses Hörbuch ist sowohl als MP3-Download (16,90 €) sowie als CD (24,90 €) und nun auch als E-BOOK erhältlich! DAS HÖRBUCH ODER E-BOOK &#8222;Lass dein Leben leuchten! &#8222; mit mehr als 100 Affirmationen zum Glücklichsein FÜR EIN LEBEN IN LICHT UND LIEBE Die Kraft der Gedanken ist das allergrößte Geschenk des Lebens. Wenn wir diese [&hellip;]</p>
