{"id":12170,"date":"2021-07-03T16:05:11","date_gmt":"2021-07-03T14:05:11","guid":{"rendered":"http:\/\/www.gilavandelden.de\/buchshop\/?post_type=product&#038;p=12170"},"modified":"2023-05-02T15:56:22","modified_gmt":"2023-05-02T13:56:22","slug":"vater-himmel-beschuetze-mich","status":"publish","type":"product","link":"https:\/\/www.gilavandelden.de\/buchshop\/produkt\/vater-himmel-beschuetze-mich\/","title":{"rendered":"Vater Himmel, besch\u00fctze mich &#8230;!"},"content":{"rendered":"<h3 style=\"text-align: center;\"><strong>GILA VAN DELDEN<\/strong><\/h3>\n<h3 style=\"text-align: center;\"><strong><em>Vater Himmel, besch\u00fctze mich &#8230;!\u00a0<\/em><\/strong><\/h3>\n<h3 style=\"text-align: center;\"><strong><img loading=\"lazy\" class=\"alignnone wp-image-12248\" src=\"http:\/\/www.gilavandelden.de\/buchshop\/wp-content\/uploads\/2021\/07\/Cover-gerade-1-727x1024.jpg\" alt=\"\" width=\"500\" height=\"705\" srcset=\"https:\/\/www.gilavandelden.de\/buchshop\/wp-content\/uploads\/2021\/07\/Cover-gerade-1-727x1024.jpg 727w, https:\/\/www.gilavandelden.de\/buchshop\/wp-content\/uploads\/2021\/07\/Cover-gerade-1-213x300.jpg 213w, https:\/\/www.gilavandelden.de\/buchshop\/wp-content\/uploads\/2021\/07\/Cover-gerade-1-768x1082.jpg 768w, https:\/\/www.gilavandelden.de\/buchshop\/wp-content\/uploads\/2021\/07\/Cover-gerade-1-676x953.jpg 676w, https:\/\/www.gilavandelden.de\/buchshop\/wp-content\/uploads\/2021\/07\/Cover-gerade-1-216x304.jpg 216w, https:\/\/www.gilavandelden.de\/buchshop\/wp-content\/uploads\/2021\/07\/Cover-gerade-1-600x846.jpg 600w, https:\/\/www.gilavandelden.de\/buchshop\/wp-content\/uploads\/2021\/07\/Cover-gerade-1.jpg 1410w\" sizes=\"(max-width: 500px) 100vw, 500px\" \/><\/strong><\/h3>\n<p style=\"text-align: center;\"><strong><em>Dieses Buch macht sehr viel Mut bei ganz besonderen Herausforderungen.<\/em><\/strong><\/p>\n<p style=\"text-align: center;\"><strong><em>\u201eLiest man ein Buch von dieser Autorin, so will man alle lesen.\u201c<\/em><\/strong><\/p>\n<p style=\"text-align: left;\">Ist es eigentlich m\u00f6glich, ein Buch voller Humor und wunderbar eing\u00e4ngiger Themen in Zeiten der Pandemie zu schreiben? Ja, denn Fr\u00f6hlichkeit und Heilung treten am ehesten in unser Leben, wenn wir die Aufgaben unserer Seele bereitwillig annehmen. Darin liegt der Sinn dieses Buches. Durch ihre erfrischend humorvolle Art des Schreibens ist die Autorin inzwischen in ganz Europa sehr bekannt. Ihr Bestseller <em>\u201e&#8230;nicht heulen, Husky!\u201c <\/em>wurde bereits mit einer Starbesetzung verfilmt. Nach ihren inzwischen neun ver\u00f6ffentlichten B\u00fcchern kann sich der Leser nun wieder auf einen weiteren Lesegenuss freuen!<\/p>\n<p style=\"text-align: left;\">Trotz ihres erdverbundenen Humors, der immer wieder durchblitzt, f\u00fchrt die Autorin den Leser behutsam an das tiefgehende Thema Nahtod-Erlebnis heran. Sie berichtet \u00fcber mediale Durchsagen der Seelenfamilie und die Erkenntnis, dass der Tod nur das Tor zum Licht ist, durch das wir alle am Ende unseres Lebens gehen.<\/p>\n<p style=\"text-align: left;\">Vorrang in diesem Buch haben jedoch all die liebenswerten, kuriosen und positiven Geschehnisse, die die Autorin sowohl mit ihren Seminarteilnehmern als auch selbst erlebt hat. Erlebnisse, die Mut machen und trotz allem fr\u00f6hlich stimmen \u2013 also das, was wir bei besonderen Herausforderungen vor allem brauchen.<\/p>\n<p style=\"text-align: center;\"><strong>\u00a0<\/strong><\/p>\n","protected":false},"excerpt":{"rendered":"<p>GILA VAN DELDEN Vater Himmel, besch\u00fctze mich &#8230;!\u00a0 Dieses Buch macht sehr viel Mut bei ganz besonderen Herausforderungen. \u201eLiest man ein Buch von dieser Autorin, so will man alle lesen.\u201c Ist es eigentlich m\u00f6glich, ein Buch voller Humor und wunderbar eing\u00e4ngiger Themen in Zeiten der Pandemie zu schreiben? Ja, denn Fr\u00f6hlichkeit und Heilung treten am [&hellip;]<\/p>\n","protected":false},"featured_media":12248,"template":"","meta":[],"product_cat":[63],"product_tag":[71,72,73],"_links":{"self":[{"href":"https:\/\/www.gilavandelden.de\/buchshop\/wp-json\/wp\/v2\/product\/12170"}],"collection":[{"href":"https:\/\/www.gilavandelden.de\/buchshop\/wp-json\/wp\/v2\/product"}],"about":[{"href":"https:\/\/www.gilavandelden.de\/buchshop\/wp-json\/wp\/v2\/types\/product"}],"wp:featuredmedia":[{"embeddable":true,"href":"https:\/\/www.gilavandelden.de\/buchshop\/wp-json\/wp\/v2\/media\/12248"}],"wp:attachment":[{"href":"https:\/\/www.gilavandelden.de\/buchshop\/wp-json\/wp\/v2\/media?parent=12170"}],"wp:term":[{"taxonomy":"product_cat","embeddable":true,"href":"https:\/\/www.gilavandelden.de\/buchshop\/wp-json\/wp\/v2\/product_cat?post=12170"},{"taxonomy":"product_tag","embeddable":true,"href":"https:\/\/www.gilavandelden.de\/buchshop\/wp-json\/wp\/v2\/product_tag?post=12170"}],"curies":[{"name":"wp","href":"https:\/\/api.w.org\/{rel}","templated":true}]}}

Vater Himmel, beschütze mich &#8230;!

<h3 style="text-align: center;"><strong>GILA VAN DELDEN</strong></h3>
<h3 style="text-align: center;"><strong><em>Vater Himmel, beschütze mich &#8230;! </em></strong></h3>
<h3 style="text-align: center;"><strong><img loading="lazy" class="alignnone wp-image-12248" src="http://www.gilavandelden.de/buchshop/wp-content/uploads/2021/07/Cover-gerade-1-727x1024.jpg" alt="" width="500" height="705" srcset="https://www.gilavandelden.de/buchshop/wp-content/uploads/2021/07/Cover-gerade-1-727x1024.jpg 727w, https://www.gilavandelden.de/buchshop/wp-content/uploads/2021/07/Cover-gerade-1-213x300.jpg 213w, https://www.gilavandelden.de/buchshop/wp-content/uploads/2021/07/Cover-gerade-1-768x1082.jpg 768w, https://www.gilavandelden.de/buchshop/wp-content/uploads/2021/07/Cover-gerade-1-676x953.jpg 676w, https://www.gilavandelden.de/buchshop/wp-content/uploads/2021/07/Cover-gerade-1-216x304.jpg 216w, https://www.gilavandelden.de/buchshop/wp-content/uploads/2021/07/Cover-gerade-1-600x846.jpg 600w, https://www.gilavandelden.de/buchshop/wp-content/uploads/2021/07/Cover-gerade-1.jpg 1410w" sizes="(max-width: 500px) 100vw, 500px" /></strong></h3>
<p style="text-align: center;"><strong><em>Dieses Buch macht sehr viel Mut bei ganz besonderen Herausforderungen.</em></strong></p>
<p style="text-align: center;"><strong><em>„Liest man ein Buch von dieser Autorin, so will man alle lesen.“</em></strong></p>
<p style="text-align: left;">Ist es eigentlich möglich, ein Buch voller Humor und wunderbar eingängiger Themen in Zeiten der Pandemie zu schreiben? Ja, denn Fröhlichkeit und Heilung treten am ehesten in unser Leben, wenn wir die Aufgaben unserer Seele bereitwillig annehmen. Darin liegt der Sinn dieses Buches. Durch ihre erfrischend humorvolle Art des Schreibens ist die Autorin inzwischen in ganz Europa sehr bekannt. Ihr Bestseller <em>„&#8230;nicht heulen, Husky!“ </em>wurde bereits mit einer Starbesetzung verfilmt. Nach ihren inzwischen neun veröffentlichten Büchern kann sich der Leser nun wieder auf einen weiteren Lesegenuss freuen!</p>
<p style="text-align: left;">Trotz ihres erdverbundenen Humors, der immer wieder durchblitzt, führt die Autorin den Leser behutsam an das tiefgehende Thema Nahtod-Erlebnis heran. Sie berichtet über mediale Durchsagen der Seelenfamilie und die Erkenntnis, dass der Tod nur das Tor zum Licht ist, durch das wir alle am Ende unseres Lebens gehen.</p>
<p style="text-align: left;">Vorrang in diesem Buch haben jedoch all die liebenswerten, kuriosen und positiven Geschehnisse, die die Autorin sowohl mit ihren Seminarteilnehmern als auch selbst erlebt hat. Erlebnisse, die Mut machen und trotz allem fröhlich stimmen – also das, was wir bei besonderen Herausforderungen vor allem brauchen.</p>
<p style="text-align: center;"><strong> </strong></p>

<p>GILA VAN DELDEN Vater Himmel, beschütze mich &#8230;!  Dieses Buch macht sehr viel Mut bei ganz besonderen Herausforderungen. „Liest man ein Buch von dieser Autorin, so will man alle lesen.“ Ist es eigentlich möglich, ein Buch voller Humor und wunderbar eingängiger Themen in Zeiten der Pandemie zu schreiben? Ja, denn Fröhlichkeit und Heilung treten am [&hellip;]</p>
